t common divisor of o and m.
29
Suppose 28*c - 189652 = -8*c + 12992. What is the highest common divisor of c and 13?
13
Let x = -396 - -404. Let y be (24/(36/3))/(2/x). Calculate the highest common factor of 88 and y.
8
Suppose -2*a - 3*a - 470 = 0. Let s = 164 + a. Let p(g) = -11*g - 45. Let i be p(-5). What is the greatest common divisor of i and s?
10
Let s be ((-12)/14)/((-96)/2016). What is the highest common divisor of 642 and s?
6
Let w be (-4)/(-18) + 5/45 + (-6042)/(-18). Calculate the highest common factor of w and 2800.
112
Let s = 6096 + -5963. Calculate the highest common factor of s and 703.
19
Let r(x) = 2*x**2 - 32*x + 11. Let p be r(-11). Calculate the greatest common factor of p and 330.
55
Suppose -9*n - 12 = -12*n. Suppose n*y = 2*y - 10, 0 = j + 5*y + 17. What is the greatest common factor of j and 18?
2
Let d(v) = -2*v**2 + 12*v - 7. Let r be d(5). Suppose -2812 = -r*y - 760. Suppose y = -9*p + 28*p. What is the greatest common divisor of p and 9?
9
Let o(w) = w**2 - 27*w - 66. Let q be o(-13). Let j = q - 425. Suppose l - 266 = n, -n + 4*n = -l + 246. What is the greatest common factor of l and j?
29
Let x be -1*(-3)/4 - 168/224. Suppose 19*r + x*r = 988. Calculate the highest common divisor of r and 4.
4
Suppose 13*q = 3*u + 440, -34*q + 35*q = -3*u + 50. Let a = -3 - -14. Let f = a - 4. What is the highest common divisor of q and f?
7
Suppose 0 = -13*o + 178 + 160. Suppose -o - 19 = -5*z. Calculate the highest common divisor of 27 and z.
9
Let h(t) = 22*t + 208. Let b be h(36). Suppose -j + b = 24*j. What is the highest common divisor of 5 and j?
5
Let d = -893 - -1424. Let m = -142936 + 142945. Calculate the highest common factor of m and d.
9
Suppose 0 = 4*i + 107 - 307. Let k(q) = -q**2 + 13*q + 98. Let x be k(16). Calculate the highest common divisor of i and x.
50
Let a = -2643 - -2652. Calculate the highest common factor of a and 264.
3
Let o = 308 - -57. Let t = 53 + o. Calculate the greatest common divisor of 38 and t.
38
Suppose 20*s + 8715 = 27*s. What is the highest common factor of 5 and s?
5
Let j be (-66)/18 + 2/3. Let h be 0/1*j/(-6). Let v be 69*(4 - h - 3). Calculate the highest common divisor of v and 23.
23
Suppose -54*g = -45*g - 21600. Suppose -g = -18*q + 12*q. Calculate the highest common divisor of q and 25.
25
Let y be 14/(-35) + 214/10. Suppose 4*z - 75 - y = 0. Let x be (-6)/((-24)/128*4). What is the highest common divisor of x and z?
8
Suppose -3*r - 237 - 87 = 0. Let m = -84 - r. What is the highest common divisor of 24 and m?
24
Let s be (-3145)/35 - (-2)/(-14). Let c be (s/(-9) - 13)/(1/(-21)). Calculate the highest common factor of 504 and c.
63
Suppose -5*i = -21 + 6. Let b = 15816 + -15789. Calculate the greatest common factor of b and i.
3
Suppose 0 = -0*x - 6*x + 168. Suppose x*c + 3250 = 23*c. Let r be (-14)/12 - -1 - c/12. What is the greatest common factor of r and 36?
18
Let i be ((-36)/135*3)/((-4)/(-20)) - -298. What is the greatest common divisor of 658 and i?
14
Suppose i - 333 = -0*i - 5*g, i - 3*g - 317 = 0. Let x be (-630)/525 - (258/(-15) + -1). What is the highest common divisor of x and i?
17
Let l = 20364 + -4458. What is the greatest common divisor of l and 132?
66
Let t = -21992 - -21998. Calculate the greatest common factor of t and 2832.
6
Let g be 231/154 + 351/2. Calculate the greatest common factor of 2419 and g.
59
Let v(g) be the first derivative of -g**4/4 + 26*g**3/3 - 3*g**2/2 + 86*g - 109. Let i be v(26). What is the greatest common factor of i and 12?
4
Suppose 4*j = 2*j + 6. Suppose 96 = 3*n + 3*f, -j*n = -4*n - 4*f + 20. Suppose n = 3*r - 63. Calculate the greatest common divisor of r and 132.
33
Let a(i) = i**2 - 4*i + 7. Let m be a(5). Suppose -11*g + 536 = -7*g - 4*u, 3*u = -4*g + 522. What is the greatest common divisor of m and g?
12
Let k = -482 + 494. Suppose z - 1235 = -k*z. What is the highest common divisor of 228 and z?
19
Suppose 4*x = 25*i - 22*i + 27331, 3*i - 20493 = -3*x. What is the greatest common factor of 56 and x?
56
Suppose h = 5, 3*t - 185 = -0*t - 4*h. Suppose -235 = -15*w - t. What is the greatest common divisor of 48 and w?
12
Let p(x) = -x**3 + 8*x**2 + 3*x. Let o = 70 + -65. Let h be p(o). Calculate the greatest common divisor of h and 70.
10
Suppose 2*s - 3*s + 50 = 0. Let c = 295 - 266. Suppose 0 = c*u - 1910 - 1715. Calculate the highest common divisor of u and s.
25
Let m be (-58)/(-4) + 11/(-22). Let d = m - 10. Suppose 5*z = 7*z + 2*a - 52, 3*z - 88 = 2*a. What is the greatest common factor of d and z?
4
Let z = 107 + -51. Let n = -57 - -63. Let h be 16*((-15)/n + 3). Calculate the highest common factor of z and h.
8
Suppose 37*i - 2125 - 5629 = 1866. Calculate the highest common factor of 3250 and i.
130
Let w = 1648 - 1095. Let j = -528 + w. Let f(n) = -n + 250. Let g be f(0). Calculate the greatest common factor of j and g.
25
Let w(c) = -c**3 - 3*c**2 + 12*c + 7. Let o be w(4). Let b = o + 66. Suppose 309 = b*n - 231. What is the greatest common factor of 20 and n?
20
Let f(i) = -i**2 + 17*i - 54. Let g be f(12). Let q be ((-6)/(6/(-3)))/(9/g). What is the greatest common divisor of q and 32?
2
Suppose 5*i + 5 = 0, 0 = 8*w - 3*w - i - 31. Let v(h) = 4*h + 12. Let y be v(-3). Suppose y = -4*z + 12 - 0. Calculate the greatest common divisor of z and w.
3
Let q = 121 + 427. Let n(r) = -6*r**2 + 12*r - 26. Let h be n(-6). Let w = q + h. Calculate the highest common divisor of 26 and w.
26
Let t(m) = m**3 + 7*m**2 + 6*m - 5. Suppose 0 = 10*l + 56 - 6. Let d be t(l). Let r = 133 - 13. Calculate the greatest common factor of d and r.
15
Let v(w) = 5*w**2 - 30*w + 54. Let u(a) = 4*a**2 - 29*a + 52. Let s(n) = 6*u(n) - 5*v(n). Let q be s(-24). Calculate the greatest common factor of 42 and q.
42
Suppose -5*k + 31 = -4*b + 3*b, -3*k + 4*b + 5 = 0. Suppose 3286 = 81*m - 2119 - 1966. Calculate the greatest common factor of k and m.
7
Suppose 9 = -12*n - 39. Let y be 2305/20 + 1/n. What is the greatest common factor of 10 and y?
5
Suppose d - 3*d = 0. Suppose 0 = -2*q - d*q + 110. Suppose 13*s + 22*s - 9240 = 14*s. Calculate the highest common factor of q and s.
55
Let a be 32/(-400) - (-652510)/125. Calculate the highest common divisor of a and 10.
10
Suppose -4*s = 5*i - 132, -3*s - 2*s + 5*i + 120 = 0. Suppose -s = -2*f + c, 4*f - 70 = -f + 3*c. Calculate the highest common factor of f and 91.
7
Suppose -2*j = -12 - 12. Let s be j*1*1/2. Suppose -3*m - 40 = -4*o, -2*o - 115*m = -163*m - 392. Calculate the highest common divisor of s and o.
2
Suppose -326 - 587 = -78*w - 133. What is the highest common factor of w and 14410?
10
Suppose -n = 4*g - 174, 0 = 2*n - 7*n - 10. Suppose -26*r = -20*r - 792. Let v be (r/16)/((-12)/(-32)*1). What is the greatest common factor of v and g?
22
Suppose -5*i = 2*g - 362, -i - 55 = 5*g - 132. Calculate the greatest common factor of i and 120.
24
Let c = -26 + 28. Suppose 2*j - 12 = -c. Suppose 3*w - 134 = -5*r, 5*r + j*w - 35 = 105. Calculate the greatest common factor of 10 and r.
5
Let g(l) be the third derivative of 2*l**5/15 - 5*l**4/24 + 2*l**3 - 35*l**2. Let d be g(4). Let x = 141 - d. What is the greatest common factor of 9 and x?
3
Let j be (-4)/(-26) - (-70)/(-455). Suppose j = 11*i - 124 - 41. Calculate the highest common divisor of i and 65.
5
Suppose -53*q - 5*c - 27 = -54*q, -2*q + 3*c + 47 = 0. Calculate the highest common factor of q and 1859.
11
Let a(r) be the third derivative of -r**6/120 + r**5/20 + 2*r**4/3 + 13*r**3/6 - 90*r**2. Let l be a(-3). Calculate the greatest common divisor of 19 and l.
19
Suppose -4*x = 4*s - 8, -14 + 2 = -3*x. Let d be -4 + ((-231)/35)/(s/30). What is the highest common divisor of d and 171?
19
Let t(o) = 7*o - 64. Let x be t(14). Suppose -x*a = -11*a - 1104. Let v be -6*1/(1/(-8)). What is the greatest common factor of a and v?
48
Let n(h) = -h**3 + 40*h**2 - 300*h + 237. Let s be n(30). Calculate the highest common factor of s and 8.
1
Suppose 0 = -7*t + 8368 - 2572. What is the highest common divisor of t and 690?
138
Let x(k) = 3*k + 21. Let b be x(-6). Suppose -w = -l - 9, l - 26 = -w - b*w. What is the greatest common divisor of w and 28?
7
Let u(q) = q**2 - 6*q + 12. Let y be u(4). Suppose -f - y = 4. Let g be -2*(f/(-6) + 276/(-72